680*a - 21840. Give p(-13).
0
Let c(h) = -25304*h + 29124883. Calculate c(1151).
-21
Let u(r) = 85*r - 12250. Give u(130).
-1200
Let g(o) = -1017*o**2 - 78307*o + 160. Calculate g(-77).
6
Let q(l) = -6*l**3 + 307*l**2 - 385*l + 1651. Determine q(50).
-99
Let o(v) = -1465*v**2 + 2998*v - 146. Determine o(2).
-10
Let s(u) = 4*u**2 + 38259*u + 267768. What is s(-7)?
151
Let k(f) = -11*f**3 + 672*f**2 + 624*f - 256. Give k(62).
-8
Let l(u) = 217*u**2 + 4972*u - 422. Calculate l(-23).
15
Let j(s) = 1840*s - 5955. Give j(3).
-435
Let i(d) = -51130*d - 613562. Calculate i(-12).
-2
Let l(i) = -26*i**2 - 5725*i - 1082. Calculate l(-220).
18
Let v(d) = -d**2 - 237*d + 7796. What is v(30)?
-214
Let f(t) = -4*t**2 - 3053*t - 283657. Calculate f(-655).
-42
Let o(v) = 870072*v + 7830648. What is o(-9)?
0
Let o(j) = j**3 - 97*j**2 - 303*j + 291. Calculate o(100).
-9
Let q(h) = -4*h**3 + 67*h**2 - 450*h + 7939. Calculate q(17).
0
Let s(i) = 2*i**3 + 280*i**2 + 246*i + 34467. Give s(-140).
27
Let o(r) = -r**3 + 100*r**2 - 105*r + 393. Determine o(99).
-201
Let l(w) = -146084*w - 584353. Calculate l(-4).
-17
Let u(v) = -25279*v + 429711. Determine u(17).
-32
Let d(o) = -o**2 + 27*o + 6721. Calculate d(88).
1353
Let x(q) = q**2 + 24440*q - 636114. Calculate x(26).
2
Let d(b) = -2*b**3 - 580*b**2 - 1770*b - 141. What is d(-3)?
3
Let v(r) = 3595*r - 47869. Give v(13).
-1134
Let a(s) = -9722*s - 14. Give a(0).
-14
Let i(v) = -3*v**2 + 4160*v + 283112. Calculate i(-65).
37
Let v(b) = -b**3 + 6*b**2 + 8*b - 50. What is v(0)?
-50
Let j(o) = -o**3 - 66*o**2 + 6832*o + 71. What is j(-122)?
71
Let c(z) = -19*z**2 + 2393*z - 1336. What is c(125)?
914
Let j(a) = -21*a**2 + 2365*a - 12665. Determine j(107).
-39
Let o(a) = -a**3 + 187*a**2 - 301*a - 12150. Determine o(185).
615
Let i(t) = 5*t**2 + 9358*t - 9357. Give i(1).
6
Let t(v) = v**3 + 9*v**2 - 875*v + 5222. What is t(6)?
512
Let n(s) = -95751*s - 4. What is n(0)?
-4
Let l(w) = -737*w - 12861. What is l(-17)?
-332
Let y(t) = 3*t**3 + 4*t**2 + 34*t - 112. Determine y(5).
533
Let w(b) = -63*b**3 + 317*b**2 + 1257*b - 6230. What is w(5)?
105
Let x(r) = 43*r**2 + 473*r + 750. Give x(-9).
-24
Let j(o) = -13374*o - 106996. What is j(-8)?
-4
Let m(f) = 14470*f + 1953335. What is m(-135)?
-115
Let y(b) = -b**3 - 262*b**2 - 13332*b - 2897. Determine y(-193).
-2
Let w(b) = -171300*b - 685203. What is w(-4)?
-3
Let s(t) = -t**3 - 168*t**2 + 221*t + 8924. What is s(-169)?
136
Let u(y) = 3954*y**2 + 35604*y + 156. Determine u(-9).
-6
Let x(r) = -41*r**2 - 316*r + 3600. Determine x(-14).
-12
Let l(x) = x**2 - 20584*x - 577141. Give l(-28).
-5
Let b(a) = 1064*a + 4474. Calculate b(-5).
-846
Let h(b) = 118437*b - 3908499. Calculate h(33).
-78
Let p(q) = -22*q**2 - 113*q + 388. Calculate p(3).
-149
Let i(l) = -90524*l - 12673392. Determine i(-140).
-32
Let t(b) = -b**3 - 54*b**2 + 184*b + 1860. What is t(-57)?
1119
Let t(d) = 89*d**2 - 927*d - 9967. What is t(17)?
-5
Let d(a) = -a**2 - 8822*a + 363387. Determine d(41).
4
Let r(v) = -29*v**2 - 828*v - 5908. Calculate r(-14).
0
Let y(s) = -20135*s - 644328. What is y(-32)?
-8
Let r(o) = -5*o**3 + 147*o**2 - 304*o + 28. Give r(2).
-32
Let r(y) = -y**3 + 35*y**2 - 203*y + 5744. Determine r(34).
-2
Let j(g) = 27*g**2 - 2106*g - 2113. Give j(79).
20
Let b(a) = 3*a**3 - 138*a**2 + 123*a - 5657. Calculate b(46).
1
Let z(q) = -7*q**3 + 6*q**2 + 52*q - 25. What is z(0)?
-25
Let g(i) = 112989*i + 3163687. Calculate g(-28).
-5
Let r(n) = 2846667*n + 19926674. Calculate r(-7).
5
Let t(y) = y**3 + 45*y**2 - 52*y + 4986. Determine t(-46).
5262
Let k(f) = 185*f**3 + 6*f**2 - 92*f - 95. Determine k(-1).
-182
Let p(d) = 44504*d - 19715266. Give p(443).
6
Let y(r) = 4772*r - 19181. Determine y(4).
-93
Let j(k) = -7*k**3 - 4*k**2 + 94*k + 290. Determine j(-3).
161
Let k(x) = x**3 + 24*x**2 - 676*x - 11. What is k(17)?
346
Let n(o) = -93*o + 694. Give n(-11).
1717
Let t(q) = 4*q**2 - 515*q + 340. Give t(127).
-549
Let n(j) = -5258*j + 94864. Give n(18).
220
Let q(c) = 2113*c + 754306. Calculate q(-357).
-35
Let d(a) = 45*a**2 + 1300*a + 3902. Determine d(-3).
407
Let c(f) = -5*f**3 + 165*f**2 + 128*f - 4275. What is c(33)?
-51
Let k(n) = -154*n + 16012. Calculate k(105).
-158
Let c(m) = m**3 - 1044*m**2 + 110076*m - 116. Give c(119).
3
Let u(n) = -7625*n + 205886. Determine u(27).
11
Let r(j) = j**2 - 166*j + 7187. Calculate r(90).
347
Let i(k) = 100*k**2 - 82180*k - 16448. What is i(822)?
-8
Let w(f) = 2*f**2 - 763*f + 770. Give w(1).
9
Let a(q) = q**2 - 1552*q - 106824. Give a(-66).
-36
Let m(x) = 22662*x - 1994291. Calculate m(88).
-35
Let d(j) = -2911*j - 63609. Calculate d(-22).
433
Let s(j) = 19*j - 3670. Determine s(192).
-22
Let i(c) = -c**3 + 131*c**2 - 124*c - 757. What is i(130)?
23
Let j(v) = -30475*v + 243762. Calculate j(8).
-38
Let t(d) = 305*d**2 - 57338*d - 370. What is t(188)?
6
Let v(x) = -x**3 - 237*x**2 + 709*x - 2781. What is v(-240)?
-141
Let u(h) = 2*h**3 + 28*h**2 - 193*h - 40. Determine u(-19).
17
Let v(t) = -165*t**2 - 1864*t - 2150. What is v(-10)?
-10
Let d(t) = t**2 - 4328*t - 574967. Determine d(-129).
-14
Let m(b) = -1771*b - 574. Give m(-1).
1197
Let y(t) = t**3 + 59*t**2 + 367*t + 17. Determine y(-52).
-139
Let o(i) = -589076*i + 38879009. Determine o(66).
-7
Let s(q) = 178*q**3 + 68*q + 147. Determine s(-2).
-1413
Let w(o) = o**3 + 18*o**2 - 645*o + 111. What is w(-36)?
3
Let z(k) = 5*k**3 + k**2 - 50*k + 33. Calculate z(-5).
-317
Let q(k) = -k**2 - 344*k - 32433. Determine q(-151).
-3290
Let t(a) = -113*a + 1694. Give t(19).
-453
Let s(u) = -2*u**3 - 252*u**2 + 1627*u + 5697. What is s(-132)?
21
Let c(a) = -3*a**2 + 7257*a + 1370163. What is c(-176)?
3
Let j(k) = -3603*k - 34. Determine j(0).
-34
Let c(u) = -u**3 + 136*u**2 + 858*u - 853. Give c(142).
-1
Let j(f) = 10*f**3 - 563*f**2 - 317*f - 4678. What is j(57)?
-4
Let r(d) = 74064*d - 222195. What is r(3)?
-3
Let s(n) = 32432*n + 778372. Give s(-24).
4
Let d(m) = 3860*m - 208444. Calculate d(54).
-4
Let o(f) = 2225*f - 20271. Give o(9).
-246
Let v(r) = r**3 - 101*r**2 + 400*r - 1133. What is v(97)?
31
Let c(r) = -r**3 - 434*r**2 - 2113*r + 152. Determine c(-5).
-8
Let t(c) = 151*c + 498. What is t(0)?
498
Let m(l) = l**2 + 110*l + 1156. Calculate m(-62).
-1820
Let h(f) = -f**2 - 6545*f - 91314. Calculate h(-14).
120
Let y(w) = -122*w**2 + 136*w - 222. Give y(4).
-1630
Let q(u) = -1406*u + 233465. Calculate q(166).
69
Let n(g) = -108*g**2 - 1978*g + 11838. Give n(6).
-3918
Let v(k) = 10371*k - 51845. Calculate v(5).
10
Let v(r) = 42*r**2 + 258*r - 588. What is v(-8)?
36
Let h(u) = u**3 + 157*u**2 + 1193*u + 167. Give h(-8).
159
Let f(v) = -2055*v - 219820. What is f(-107)?
65
Let b(h) = -h**2 + 76*h - 255. What is b(5)?
100
Let c(a) = a**2 - 2574*a + 155730. Calculate c(62).
-14
Let l(b) = 3*b**3 - 652*b**2 - 1424*b + 72068. What is l(219)?
17
Let h(d) = -55*d + 3635. Give h(64).
115
Let p(q) = -q**2 - 1534*q + 282219. Calculate p(166).
19
Let x(v) = -3*v**3 - 286*v**2 + 3006*v + 294598. Give x(-95).
3
Let w(k) = -7*k**2 - 223*k - 2398. Calculate w(-10).
-868
Let w(f) = -f**3 + 31*f**2 + 38*f + 340. Determine w(31).
1518
Let k(h) = 32*h**2 + 4266*h + 170. What is k(-133)?
-1160
Let w(k) = -152938*k + 1988227. What is w(13)?
33
Let j(t) = -t**2 + 8904*t - 477897. Calculate j(54).
3
Let z(h) = -8*h**3 + 63*h**2 + 39*h + 65. Calculate z(9).
-313
Let b(i) = -88*i**2 + 59*i + 188. Determine b(2).
-46
Let d(i) = 2*i**2 + 1209*i + 177364. Calculate d(-354).
10
Let f(z) = -29*z**3 + 9*z**2 + 141*z + 577. Give f(-5).
3722
Let t(w) = -w**2 - 94*w + 73478. Determine t(-322).
62
Let h(o) = -637*o - 329959. Calculate h(-518).
7
Let j(z) = -z**3 + 133*z**2 + 1595*z - 1306. Determine j(144).
278
Let l(h) = -6989769*h + 13979529. What is l(2)?
-9
Let y(a) = a**3 + 20*a**2 - 28*a - 1321. Give y(-17).
22
Let o(v) = -v**2 - 78*v + 18855. What is o(104)?
-73
Let i(z) = 8131*z + 1081426. Determine i(-133).
3
Let t(x) = 4958*x - 3173125. Determine t(640).
-5
Let m(u) = -u**3 + 528*u**2 + 13832*u + 216. Calculate m(-25).
41
Let z(o) = 5*o**2 - 192*o - 184. Give z(-1).
13
Let a(g) = -g**3 - 368*g**2 - 2886*g - 2109. What is a(-360)?
51
Let p(j) = 5301*j - 1786434. Determine p(337).
3
Let v(y) = -2*y**3 + 17*y**2 + 809*y - 6547. Determin